 - 3*o. Let l be r(4). Suppose -w + 65 = l*w. Calculate the remainder when y is divided by w.
10
Let f(i) = i**2 - 23*i + 45. Let p be f(21). Calculate the remainder when (-1)/((6/(-9))/(146/p)) is divided by 20.
13
Let s(k) = 2*k**2 + 4*k - 45. What is the remainder when 62 is divided by s(-8)?
11
Calculate the remainder when 37 is divided by (-10 + 4)/12*-10.
2
Let m be 3/(2*(-1)/(-2)). Suppose -m*c = -c - 6. Let b(n) = n**3 + n**2 + 2*n - 5. Calculate the remainder when 72 is divided by b(c).
35
Let f(m) = m**2 + 9*m + 2. Let y be f(-9). Suppose y*g - 8 = -0*g. Suppose 61 = g*w + 5*s, 0 = w + 2*s - 17 + 1. What is the remainder when 27 is divided by w?
13
Let j = 4857 - 1824. Calculate the remainder when j is divided by 66.
63
Let z = 128 - -394. Suppose -g + 3*y = 4*g - z, -g + 4*y + 118 = 0. What is the remainder when g is divided by 26?
24
Let x = -41 - -72. Let a be (61/(-3))/((1/(-9))/1). Suppose 25 + a = 13*g. Calculate the remainder when x is divided by g.
15
Let q = 34 - 32. Suppose -200 = -7*z + q*z. Suppose 3*a + a = 44. What is the remainder when z is divided by a?
7
What is the remainder when ((-10)/4 - -1)*(-700)/6 is divided by 59?
57
Suppose 5*i + 0*i = 95. Suppose g + w = 6*g - 246, 5*w + 130 = 3*g. Let v = g + -40. What is the remainder when i is divided by v?
9
Suppose 0 = -4*v + 126 + 26. What is the remainder when 145 is divided by v?
31
What is the remainder when 157 is divided by ((-110)/15 + 8)/(10/2205)?
10
Calculate the remainder when (-67320)/(-297) + 1/3 is divided by 57.
56
What is the remainder when 139 is divided by 4/(-5 + 31/6)?
19
What is the remainder when 338 is divided by (-72)/(6 + 3) + 47?
26
Suppose -2*u = -1908 + 1646. Calculate the remainder when u is divided by 50.
31
Suppose -80*x + 85*x = 1295. Calculate the remainder when x is divided by 65.
64
Let s be -1*(0 + 3*27). Let q = 154 + s. What is the remainder when q is divided by 60/(-18)*30/(-4)?
23
Let n be ((-2)/4)/(5/130). Let f = -2 - n. Suppose 3*j - 193 = -2*j - 4*w, 0 = -j - 3*w + 32. What is the remainder when j is divided by f?
8
Let v be -7 + 6/(-4) + (-55)/(-10). Let t = 0 + -1. Calculate the remainder when 53 is divided by (21 + v)*t*-1.
17
Let z(j) = j + 3. Let o be z(4). Let y(l) = 17*l - 7. Let w be y(o). Suppose 3*p + p = w. What is the remainder when p is divided by 15?
13
Suppose 6*d - 4*k + 124 = 11*d, -2*d = -4*k - 44. Let x = 4 - -3. What is the remainder when d is divided by x?
3
Suppose -q = 5*y - 985, y + 2*q = 3*q + 203. Suppose 34 + y = 4*p. What is the remainder when p is divided by 16?
10
Suppose 4*f - 3*v - 312 = 40, -2*v = 3*f - 247. Calculate the remainder when 337 is divided by f.
82
Let v(i) = 17*i**2 - i + 1. Suppose 3*r - 65 = 178. What is the remainder when r is divided by v(1)?
13
Suppose -139*z + 640 = -123*z. Let i = 145 - 26. What is the remainder when i is divided by z?
39
Let c = 193 + -136. Suppose -t = 4*t - 90. Let m = 33 - t. Calculate the remainder when c is divided by m.
12
Suppose 3*b + 146 = -4*c + 531, 4*c = 16. What is the remainder when 365 is divided by b?
119
Let s(q) = q**2 + 3*q - 1. Suppose -5*g = 2*c + 101, 3*c = c - g - 97. Let x = -17 - c. Calculate the remainder when x is divided by s(-6).
14
Let p(j) = 138*j + 839. Calculate the remainder when 164 is divided by p(-6).
10
Suppose s - 4*s = 2*k - 64, k - 45 = 5*s. Suppose 8*n = -133 - 443. Let d = -60 - n. Calculate the remainder when k is divided by d.
11
Suppose 32 = 2*i + 2*v, 4*i - 56 = v + 3. Let f be -2 + 4330/(-45) - 2/(-9). Let h = 107 + f. What is the remainder when i is divided by h?
6
Suppose t - 5 = -0*c - c, 43 = 5*c - t. Suppose 390 = c*k - 3*k. Calculate the remainder when k is divided by 27.
24
Let o be 76/18 + 2/(-9). Let a be 76 - (o + (-12)/4). Suppose 18 = -3*f + a. What is the remainder when f is divided by 5?
4
Suppose 35*n - 1019 = 2901. What is the remainder when n is divided by 47?
18
Let i(r) = -47*r + 251. What is the remainder when 21 is divided by i(5)?
5
Suppose m - 2 = -y + 8, -2*m - 10 = -4*y. Suppose 0 = 2*o + y*a - 2, 5*a - 4 = -4*o + 20. Calculate the remainder when 34 is divided by o.
1
Let r be (2/(-3))/(8/48). Let o be 1/2 - 6/r. Suppose -f - 4*b + 19 = 1, -4*b = o*f - 36. What is the remainder when f is divided by 5?
3
Suppose 0 = -v + 2, a + 2*v - 283 = -2*v. Let g = -177 + a. Suppose -4*f = 2*r - 64, -5*r + g = 5*f + 18. What is the remainder when f is divided by 6?
4
Suppose 4*d - 16 = -44. Calculate the remainder when 53 is divided by (-51)/d + (-4)/14.
4
Let o(t) = 3*t**2 - 9*t + 6. What is the remainder when o(6) is divided by 5?
0
Calculate the remainder when 81 is divided by ((-16)/(-30))/(-4) - 8519/(-105).
0
Let x(i) = -i**3 + 17*i**2 - 8*i + 149. Calculate the remainder when 45 is divided by x(17).
6
Let s(u) = -4*u - 2. Let m(n) = 2*n**2 - 5*n - 7. Let a be m(5). Let z = a + 46. Calculate the remainder when z is divided by s(-6).
20
Let c be (-35)/(-15) + 2/3. Suppose -c*y - 2*y + 194 = 4*w, 5*w - 220 = 5*y. Calculate the remainder when w is divided by ((-8)/(-6))/(2/36).
22
Suppose -t + 150 = -0*t. Suppose 0 = v + 3*b - b + 42, 2*b - t = 3*v. Let w = -29 - v. Calculate the remainder when w is divided by 5.
4
Let p be (72/(-60))/(4/30). Let r = 41 - p. Suppose -7*i + r = -34. What is the remainder when 20 is divided by i?
8
Let u = -41 + 41. Suppose f - 35 - 22 = u. Calculate the remainder when f is divided by 20.
17
Let l = -12 - -9. Let t be ((-6)/8)/(l/(-36)). What is the remainder when 23 is divided by ((-40)/15)/(2/t)?
11
Calculate the remainder when 82 is divided by (-440)/(-30)*(-6)/(-4).
16
Let m = -1 + 14. Let b = 7 - m. Let x(u) = -3*u. Calculate the remainder when 71 is divided by x(b).
17
Suppose -5*t - 5*g + 713 - 8 = 0, -291 = -2*t - 5*g. What is the remainder when t is divided by 40?
18
Let x(a) = 7*a - 6. Let k be x(3). Suppose k = 5*l - 0*l. Suppose -2*m = -5*u - 18, l*u + 36 = 4*m - 0*m. What is the remainder when 35 is divided by m?
8
Let p = -74 - -72. What is the remainder when 64 is divided by (p - 2) + -5 + 43?
30
Suppose f + 63 = 4*f. Let k(z) = z**2 - z + 7. Let s be k(3). Let d = f - s. What is the remainder when 21 is divided by d?
5
Let t(w) = w**3 + 3*w**2 - 2*w - 1. Let m = 1 + 5. Let p be 10*3/m - 2. Calculate the remainder when t(p) is divided by 24.
23
Let m(u) = -5*u**2 + 37*u - 20. Let n(f) = -f**3 - f + 2. What is the remainder when m(3) is divided by n(-2)?
10
Let i = -13 - -38. Calculate the remainder when 744/10 - 10/i is divided by 19.
17
What is the remainder when (-1039)/(-3) + 75/(-9) + 10 is divided by 18?
6
Suppose -7*h - 2*l + 146 = -2*h, 2*h - 47 = 3*l. Calculate the remainder when 49 is divided by h.
21
Suppose 0 = -k - 0 + 3. Calculate the remainder when 217 is divided by 46 - (3/(-6))/(k/(-12)).
41
Let w(n) be the second derivative of -n**5/20 + 13*n**4/12 + n**3/3 - 9*n**2/2 - 8*n. Calculate the remainder when w(13) is divided by 5.
2
Let d = -2224 + 2227. What is the remainder when 298 is divided by d?
1
Calculate the remainder when 40 is divided by (77/(-28)*1)/((-3)/24).
18
Let p(v) be the second derivative of -v**5/20 + v**4 + v**3/2 - 29*v**2/2 + 18*v. Calculate the remainder when p(12) is divided by 2.
1
Suppose -4 = -2*u, 3*c + 5*u - 4 = 30. Suppose -o = -3*o + c. Suppose 2*v - 3 = b - v, -5*v + 56 = o*b. Calculate the remainder when b is divided by 5.
4
Let p be (14/(-3))/((-4)/90). Let y = p + -88. What is the remainder when 66 is divided by y?
15
What is the remainder when (-164)/(-20) - (-6)/(-30) is divided by 3?
2
Suppose -v - 3 + 1 = 0. Let t = v - -4. Suppose -4*g + 20 = p, -5*p - t*g = g - 83. Calculate the remainder when 45 is divided by p.
13
Suppose -2*d + 3*y - 32 = -4*d, 2*y + 99 = 5*d. Calculate the remainder when 49 is divided by d.
11
Let w = 229 - 158. Let h = w - 32. What is the remainder when h is divided by 21?
18
Let k = 1005 - 982. Suppose 0 = -3*b + 3*d - 0*d - 216, -2*b - 2*d - 136 = 0. Calculate the remainder when -1 + (1 - b) - 2 is divided by k.
22
Let n(b) = -b - 13. Let w be n(-15). Suppose -526 = -5*v - w*k - 168, -k + 4 = 0. What is the remainder when v is divided by (-70)/(-4) + 1/2?
16
Suppose -5 = -0*c - c. Let n(v) = v**2 - 3*v - 3. What is the remainder when n(5) is divided by c?
2
Let i = 